 15) to base 13.
100c89
What is 1275015 (base 8) in base 9?
606315
What is 204551026 (base 7) in base 4?
232021101121
Convert -681033 (base 9) to base 5.
-101020131
Convert 829824 (base 11) to base 2.
101000100110111100111
Convert -227477 (base 8) to base 4.
-102330333
What is -6e97 (base 15) in base 11?
-16762
What is 401403 (base 10) in base 15?
7de03
What is 121120222011121 (base 3) in base 16?
868ae3
-52d59 (base 14) to base 5
-22401240
Convert -119a78 (base 13) to base 12.
-183a60
Convert -5103420 (base 6) to base 11.
-155793
Convert -52133 (base 10) to base 14.
-14ddb
6a7429 (base 14) to base 16
37681d
Convert -393f24 (base 16) to base 3.
-21001121101110
What is 413063 (base 7) in base 6?
1303155
What is 11111101010111010010 (base 2) in base 3?
1221201120020
What is -63256 (base 9) in base 16?
-a326
Convert 306012 (base 10) to base 8.
1125534
Convert 586a22 (base 11) to base 4.
3203130103
67599 (base 15) to base 14
87aa8
What is -37a923 (base 14) in base 11?
-1096256
Convert 6942547 (base 10) to base 14.
cca123
What is 10869 (base 11) in base 6?
200340
-1b210 (base 16) to base 14
-2c6d2
114404344 (base 5) to base 12
223025
What is 2112224224 (base 5) in base 7?
52343502
What is 25753060 (base 9) in base 8?
60255054
Convert -40603601 (base 7) to base 5.
-1332140323
Convert 6318183 (base 9) to base 12.
116b086
Convert 43929d (base 16) to base 6.
234530021
Convert -137dc7 (base 15) to base 14.
-1a5b91
3436608 (base 11) to base 13
1326325
1de161 (base 16) to base 11
111828a
-10021201 (base 3) to base 15
-a9a
What is -218224 (base 11) in base 14?
-909ab
Convert 233233 (base 9) to base 11.
96339
Convert -2535220 (base 9) to base 7.
-14513043
What is -335c09 (base 15) in base 16?
-2560b0
2130767 (base 9) to base 4
10112313202
What is -10101100111100010 (base 2) in base 13?
-313c3
-403033214 (base 6) to base 2
-11010001011100011001010
91694 (base 12) to base 3
100121201011
Convert -62c2b1 (base 13) to base 16.
-23462e
Convert -1113314142 (base 5) to base 11.
-1443807
Convert -13433442 (base 5) to base 4.
-202021200
336453 (base 10) to base 16
52245
a51663 (base 11) to base 8
6334521
Convert -1313312020 (base 4) to base 2.
-1110111110110001000
What is 1044223 (base 7) in base 11?
887a7
Convert -158c986 (base 13) to base 5.
-3234033012
What is -5026640 (base 7) in base 10?
-595427
Convert 16a1775 (base 11) to base 14.
551d33
What is -10433034 (base 5) in base 8?
-265336
Convert -100212102210 (base 3) to base 11.
-122a25
24122532 (base 6) to base 12
306448
What is 467185 (base 10) in base 11?
29a004
-2144500 (base 9) to base 16
-119208
-8397254 (base 10) to base 14
-118831c
-2350233 (base 6) to base 5
-12420323
-3261605 (base 8) to base 13
-2494ca
What is -215222 (base 10) in base 12?
-a4672
What is 47c90 (base 16) in base 8?
1076220
-335152154 (base 6) to base 13
-1366882
Convert 120000333 (base 5) to base 15.
ac0e8
What is -5c11b (base 14) in base 5?
-24201404
-425626 (base 9) to base 10
-253473
What is 453b7 (base 15) in base 10?
220222
What is 427525 (base 8) in base 12?
6aa45
Convert 4ab9c (base 14) to base 6.
3533022
-12352 (base 9) to base 14
-3057
-264bc0 (base 14) to base 8
-5021024
Convert 113220221 (base 4) to base 13.
350ab
What is 14258753 (base 9) in base 16?
6bd1e3
Convert -10100011100100110 (base 2) to base 11.
-57a17
Convert -14035242 (base 6) to base 16.
-7324a
Convert 11224424 (base 5) to base 2.
11000110111101000
What is -344456 (base 9) in base 6?
-4232510
What is -127431 (base 16) in base 8?
-4472061
Convert -430414401 (base 5) to base 6.
-102450225
Convert -141006142 (base 7) to base 8.
-43007207
Convert -545131 (base 10) to base 12.
-223577
What is 102202220000002 (base 3) in base 15?
838dde
What is 1407495 (base 11) in base 3?
11120020101122
What is -2124030 (base 5) in base 7?
-210236
What is -70737 (base 11) in base 14?
-2995c
-111123300 (base 4) to base 3
-11110102120
Convert -2116cab (base 13) to base 16.
-99a357
1012175 (base 8) to base 16
4147d
1000222020 (base 3) to base 8
47647
What is -143382 (base 9) in base 16?
-156f5
What is -10231443 (base 5) in base 7?
-510116
-115033 (base 6) to base 4
-2132331
What is -36589 (base 11) in base 3?
-2200011120
8592b (base 12) to base 8
527363
What is 49218 (base 12) in base 7?
561026
Convert -2aa8163 (base 11) to base 10.
-5310880
3260522 (base 8) to base 16
d6152
Convert -30425660 (base 8) to base 5.
-3121334322
Convert 464b5 (base 12) to base 6.
2003145
What is -9600 (base 13) in base 3?
-1001111220
What is 1c8146 (base 14) in base 5?
230133101
Convert -169221 (base 14) to base 11.
-4a2137
37215 (base 14) to base 7
1101125
-1016344 (base 7) to base 2
-11101110110101111
-341114 (base 8) to base 15
-24251
Convert -10102212 (base 4) to base 12.
-a206
Convert 234222 (base 9) to base 6.
3004115
-54903c (base 14) to base 15
-3b998e
Convert -1000 (base 15) to base 4.
-310233
-17536 (base 10) to base 4
-10102000
What is 7701d (base 14) in base 11?
187542
Convert 9b4106 (base 12) to base 15.
33d366
291032 (base 10) to base 13
a2611
What is -11101001011100001101 (base 2) in base 6?
-32254421
-30b64d (base 14) to base 6
-55131141
What is 5037011 (base 10) in base 13?
10748a5
-121215513 (base 6) to base 15
-307b26
Convert 6abb7 (base 12) to base 5.
14042134
Convert eaebc (base 15) to base 13.
201624
Convert -2c05c (base 13) to base 7.
-465424
-1332530 (base 10) to base 4
-11011110302
Convert 24017c (base 14) to base 12.
4b3702
Convert -11d1e7 (base 15) to base 4.
-3100210231
Convert -1201102021 (base 3) to base 14.
-c490
What is 1706620 (base 9) in base 15?
13b5ac
155301 (base 10) to base 2
100101111010100101
-103a (base 13) to base 12
-1372
121310200 (base 4) to base 13
391a5
-112333300 (base 4) to base 8
-267760
Convert 8299d (base 16) to base 3.
1000011210122
-5ad35 (base 14) to base 9
-367614
What is 4361311 (base 7) in base 3?
1000020010221
Convert 717ce (base 15) to base 9.
607145
-2101101011201 (base 3) to base 5
-311022004
36a6ab (base 14) to base 4
13021031133
What is 11010010100011110 (base 2) in base 6?
2151034
What is -111100101100010010 (base 2) in base 7?
-2053523
Convert -15301 (base 10) to base 3.
-202222201
Convert -1ff76c (base 16) to base 13.
-584726
What is 3a230 (base 12) in base 7?
451455
11033002021 (base 4) to base 5
322403142
Convert 2bb35 (base 13) to base 15.
199b2
Convert 197813 (base 13) to base 9.
1182805
What is 1222231203 (base 4) in base 11?
279436
10010010100011010000 (base 2) to base 14
118a88
Convert 4214034 (base 9) to base 3.
11020111001011
Convert 106163 (base 7) to base 14.
6ca3
Convert -44301220 (base 5) to base 6.
-12124212
What is 23230230322 (base 4) in base 2?
1011101100101100111010
Convert 22232342 (base 5) to base 9.
327736
What is -4153042 (base 6) in base 3?
-101020110222
What is 240748 (base 9) in base 8?
433071
-55441 (base 10) to base 13
-1c309
-993a94 (base 12) to base 4
-21101331100
-111210100010 (base 3) to base 5
-32141214
1123025 (base 6) to base 11
3a385
What is 11034531 (base 6) in base 8?
1207427
Convert 399245 (base 12) to base 2.
11100111101100010101
What is 4465 (base 11) in base 3?
22001202
Convert -1110011110100111100 (base 2) to base 5.
-110140203
What is 110011010001110010 (base 2) in base 11?
133890
Convert -53122642 (base 7) to base 5.
-2122241111
b89728 (base 12) to base 9
5438875
58623 (base 11) to base 6
1451404
Convert 1340108 (base 11) to base 2.
1000110100110010111111
Convert 1aeac (base 15) to base 10.
87687
-14141332 (base 6) to base 16
-75278
Convert -93e (base 15) to base 16.
-824
2210011000101 (base 3) to base 8
5510757
What is 3542504 (base 9) in base 4?
13110023233
Convert 1566103 (base 8) to base 13.
12b67c
183230 (base 9) to base 14
2d729
Convert -b855 (base 14) to base 13.
-11643
-45032 (base 13) to base 5
-13002040
15af3 (base 16) to base 12
43497
Convert -1002041023 (base 5) to base 15.
-293b28
What is 221a2 (base 12) in base 7?
245522
-9256 (base 10) to base 16
-2428
304042203 (base 5) to base 8
4560272
What is 21144325 (base 8) in base 10?
4507861
What is -50555135 (base 6) in base 11?
-8a8599
Convert 902b2 (base 13) to base 4.
332313330
What is 3032203 (base 4) in base 14?
4b63
What is -46abc (base 14) in base 3?
-22202021210
167351 (base 9) to base 15
20b57
What is 11010000010011111000000 (bas